{"id":34,"date":"2021-06-02T07:42:58","date_gmt":"2021-06-02T07:42:58","guid":{"rendered":"http:\/\/tesyarisma.org\/2022_2\/services\/"},"modified":"2022-02-02T20:42:38","modified_gmt":"2022-02-02T20:42:38","slug":"services","status":"publish","type":"page","link":"https:\/\/tesyarisma.org\/2022_2\/services\/","title":{"rendered":"Se\u00e7ici Kurul"},"content":{"rendered":"\n\n\n\n\n\n\n\n\n\n\n\n<h4>Se\u00e7ici Kurul<\/h4>\n<p><b>Firdes I\u015eIK<\/b><\/p><p>Merkez Kad\u0131n Komisyonlar\u0131 Ba\u015fkan\u0131<\/p><p>&nbsp;Emekli T\u00fcrk Dili ve Edebiyat\u0131 \u00d6\u011fretmeni<\/p>\n<p><b>Prof. Dr. Fatih SAKALLI<\/b><\/p><p>Ankara Hac\u0131 Bayram Veli \u00dcniversitesi,&nbsp;<\/p><p>Edebiyat Fak\u00fcltesi&nbsp; T\u00fcrk Dili ve Edebiyat\u0131 B\u00f6l\u00fcm\u00fc \u00d6\u011fretim \u00dcyesi<\/p>\n<p><b>Prof. Dr. \u0130hsan KALENDERO\u011eLU <\/b><\/p><p>Gazi \u00dcniversitesi<\/p><p>T\u00fcrk\u00e7e E\u011fitimi Ana Bilim Dal\u0131 Ba\u015fkan\u0131<\/p>\n<p><b>Do\u00e7. Dr. \u00dcnsal Y\u0131lmaz YE\u015e\u0130LDAL <\/b><\/p><p>Akdeniz \u00dcniversitesi<\/p><p>\u0130nsan ve Toplum Bilimleri Fak\u00fcltesi, T\u00fcrk Dili ve Edebiyat\u0131 B\u00f6l\u00fcm\u00fc \u00d6\u011fretim \u00dcyesi<\/p>\n<p><b>Do\u00e7. Dr. Zeki G\u00dcREL<\/b><\/p><p>Gazi \u00dcniversitesi<\/p><p>T\u00fcrk\u00e7e E\u011fitimi ve Sosyal Bilimler E\u011fitimi B\u00f6l\u00fcm\u00fc \u00d6\u011fretim \u00dcyesi <\/p>\n<p>Se\u00e7ici Kurul \u00fcyelerinin isimleri alfabetik s\u0131raya g\u00f6re yaz\u0131lm\u0131\u015ft\u0131r.<br><\/p>\n\n\n","protected":false},"excerpt":{"rendered":"","protected":false},"author":0,"featured_media":0,"parent":0,"menu_order":0,"comment_status":"closed","ping_status":"closed","template":"","meta":{"footnotes":""},"class_list":["post-34","page","type-page","status-publish","hentry"],"_links":{"self":[{"href":"https:\/\/tesyarisma.org\/2022_2\/wp-json\/wp\/v2\/pages\/34","targetHints":{"allow":["GET"]}}],"collection":[{"href":"https:\/\/tesyarisma.org\/2022_2\/wp-json\/wp\/v2\/pages"}],"about":[{"href":"https:\/\/tesyarisma.org\/2022_2\/wp-json\/wp\/v2\/types\/page"}],"replies":[{"embeddable":true,"href":"https:\/\/tesyarisma.org\/2022_2\/wp-json\/wp\/v2\/comments?post=34"}],"version-history":[{"count":7,"href":"https:\/\/tesyarisma.org\/2022_2\/wp-json\/wp\/v2\/pages\/34\/revisions"}],"predecessor-version":[{"id":195,"href":"https:\/\/tesyarisma.org\/2022_2\/wp-json\/wp\/v2\/pages\/34\/revisions\/195"}],"wp:attachment":[{"href":"https:\/\/tesyarisma.org\/2022_2\/wp-json\/wp\/v2\/media?parent=34"}],"curies":[{"name":"wp","href":"https:\/\/api.w.org\/{rel}","templated":true}]}}