{"id":35,"date":"2021-06-02T07:42:58","date_gmt":"2021-06-02T07:42:58","guid":{"rendered":"http:\/\/tesyarisma.org\/2022_2\/about\/"},"modified":"2022-02-02T21:33:09","modified_gmt":"2022-02-02T21:33:09","slug":"about","status":"publish","type":"page","link":"https:\/\/tesyarisma.org\/2022_2\/about\/","title":{"rendered":"Yar\u0131\u015fma \u015eartlar\u0131"},"content":{"rendered":"\n\n\n<h3>YARI\u015eMA \u015eARTLARI<\/h3>\n<p><!--[if !supportLists]--><span>\u00b7<\/span><span>Yar\u0131\u015fma\n<b>\u00dcyeler<\/b> aras\u0131nda d\u00fczenlenecektir. Yar\u0131\u015fmaya\nT\u00fcrk E\u011fitim-Sen \u00fcyeleri ve emeklileri kat\u0131labilirler.<o:p><\/o:p><\/span><\/p><p><!--[if !supportLists]--><span>\u00b7<\/span><span>Yar\u0131\u015fmaya\nSe\u00e7ici Kurul \u00fcyeleri ve birinci derece yak\u0131nlar\u0131 <b><u>kat\u0131lamazlar.<\/u><\/b><o:p><\/o:p><\/span><\/p><p><!--[if !supportLists]--><span>\u00b7<\/span><span>An\u0131lar\ndaha \u00f6nce hi\u00e7bir yerde yay\u0131nlanmam\u0131\u015f ve herhangi bir yar\u0131\u015fmada dereceye\ngirmemi\u015f ve \u00f6d\u00fcl almam\u0131\u015f olmal\u0131d\u0131r.<o:p><\/o:p><\/span><\/p><p><!--[if !supportLists]--><span>\u00b7<\/span><span>Yar\u0131\u015fmaya\n<b><u>en fazla \u00fc\u00e7 (3) an\u0131yla<\/u><\/b>\nkat\u0131lmak m\u00fcmk\u00fcnd\u00fcr.<o:p><\/o:p><\/span><\/p><p><!--[if !supportLists]--><span>\u00b7<\/span><span>Yar\u0131\u015fmaya eser g\u00f6nderebilmek i\u00e7in <\/span><a href=\"http:\/\/www.tesyarisma.org\/\"><span>www.tesyarisma.org<\/span><\/a><span> adresinden kay\u0131t olmak, kayd\u0131n cep telefonuna ya da elektronik posta\nadresine gelecek kodun ilgili alana girilmesi ile onay verilerek do\u011frulanmas\u0131\ngereklidir.<span><o:p><\/o:p><\/span><\/span><\/p><p><!--[if !supportLists]--><span>\u00b7<\/span><span>Ki\u015fisel\nverilerin korunmas\u0131 ile ilgili t\u00fcm tedbirler al\u0131nacak olup, yar\u0131\u015fma s\u00fcreci\nbittikten sonra sisteme girilen bilgiler resen imha edilecektir.<o:p><\/o:p><\/span><\/p><p><!--[if !supportLists]--><span>\u00b7<\/span><span>Kay\u0131t\nolurken eser sahibi mutlaka kendisine bir rumuz belirlemelidir. <b><i><u>En\nfazla 5 (be\u015f) harf ve 3 (\u00fc\u00e7) rakamdan olu\u015fan bir rumuz kullan\u0131lacakt\u0131r.<\/u><o:p><\/o:p><\/i><\/b><\/span><\/p><p><!--[if !supportLists]--><span>\u00b7<\/span><span>Yar\u0131\u015fmaya\ng\u00f6nderilecek eserler; sa\u011f, sol ve sayfa alt\u0131nda 2,5 cm sayfa \u00fcst\u00fcnde de 3 cm\nbo\u015fluk b\u0131rak\u0131larak Word ortam\u0131nda yaz\u0131lmal\u0131d\u0131r.<o:p><\/o:p><\/span><\/p><p><!--[if !supportLists]--><span>\u00b7<\/span><span>Yar\u0131\u015fmaya\ng\u00f6nderilecek An\u0131lar A4 sayfas\u0131nda, <b><u>Arial\n12 punto, 1,5 sat\u0131r aral\u0131\u011f\u0131<\/u><\/b> ile bilgisayarda yaz\u0131lacakt\u0131r ve <b><u>be\u015f (5) sayfay\u0131<\/u><\/b> ge\u00e7meyecektir. <o:p><\/o:p><\/span><\/p><p><!--[if !supportLists]--><span>\u00b7<\/span><span>Her\nan\u0131da mutlaka metinde anlat\u0131lan duygu ve d\u00fc\u015f\u00fcnceye <b><u>uygun bir ba\u015fl\u0131k<\/u><\/b> olmal\u0131d\u0131r.<o:p><\/o:p><\/span><\/p><p><!--[if !supportLists]--><span>\u00b7<\/span><span>Yar\u0131\u015fmaya\nkat\u0131lan ki\u015filer, eserlerinin <u>\u2013<b><i>kullan\u0131m hakk\u0131 kendilerinde olmak ve\nkendilerinden izin almak \u015fart\u0131yla<\/i><\/b>&#8211;<\/u> T\u00fcrk E\u011fitim-Sen taraf\u0131ndan yay\u0131n\norganlar\u0131nda yay\u0131nlanabilece\u011fini, yapaca\u011f\u0131 \u00e7al\u0131\u015fmalarda kullanabilece\u011fini ve bu\n\u015fartname h\u00fck\u00fcmlerini aynen kabul etmi\u015f say\u0131l\u0131rlar. <\/span><span>Bunun i\u00e7in yar\u0131\u015fmaya eser\ng\u00f6nderilirken <b>yay\u0131n izin formunun\nonaylanmas\u0131 <\/b>gerekmektedir. <span><o:p><\/o:p><\/span><\/span><\/p><p><!--[if !supportLists]--><span>\u00b7<\/span><span>\u015eartnamelerde\nbelirtilmeyen hususlarda ve teredd\u00fct halinde Se\u00e7ici Kurul kararlar\u0131 ge\u00e7erlidir.<o:p><\/o:p><\/span><\/p><p><!--[if !supportLists]--><span>\u00b7<\/span><span>Yar\u0131\u015fmaya\nkat\u0131lan eserlerden uygun g\u00f6r\u00fclenler ile dereceye giren metinler T\u00fcrk E\u011fitim-Sen\ntaraf\u0131ndan kitap olarak bast\u0131r\u0131lacakt\u0131r. <o:p><\/o:p><\/span><\/p><p>\n\n\n\n\n\n\n\n\n\n\n\n\n\n\n\n\n\n\n\n\n\n\n\n\n\n<\/p><p><!--[if !supportLists]--><span>\u00b7<\/span><span>Yar\u0131\u015fmaya\nkat\u0131lan eser sahipleri bu h\u00fck\u00fcmleri pe\u015finen kabul etmi\u015f say\u0131lmaktad\u0131r.<o:p><\/o:p><\/span><\/p>\n<h3>YARI\u015eMAYA SON KATILIM S\u00dcRES\u0130<\/h3>\nYar\u0131\u015fmaya eser g\u00f6ndermek isteyen kat\u0131l\u0131mc\u0131lar\u0131n 15 May\u0131s 2022 tarihi saat 24:00\u2019e kadar eserlerini www.tesyarisma.org adresi \u00fczerinden y\u00fcklemesi gerekmektedir. Yar\u0131\u015fma s\u00fcresi ile ilgili her de\u011fi\u015fiklik yapma yetkisi T\u00fcrk E\u011fitim-Sen Genel Merkezi\u2019ne aittir.\n\n\n\n","protected":false},"excerpt":{"rendered":"","protected":false},"author":0,"featured_media":0,"parent":0,"menu_order":0,"comment_status":"closed","ping_status":"closed","template":"","meta":{"footnotes":""},"class_list":["post-35","page","type-page","status-publish","hentry"],"_links":{"self":[{"href":"https:\/\/tesyarisma.org\/2022_2\/wp-json\/wp\/v2\/pages\/35","targetHints":{"allow":["GET"]}}],"collection":[{"href":"https:\/\/tesyarisma.org\/2022_2\/wp-json\/wp\/v2\/pages"}],"about":[{"href":"https:\/\/tesyarisma.org\/2022_2\/wp-json\/wp\/v2\/types\/page"}],"replies":[{"embeddable":true,"href":"https:\/\/tesyarisma.org\/2022_2\/wp-json\/wp\/v2\/comments?post=35"}],"version-history":[{"count":14,"href":"https:\/\/tesyarisma.org\/2022_2\/wp-json\/wp\/v2\/pages\/35\/revisions"}],"predecessor-version":[{"id":208,"href":"https:\/\/tesyarisma.org\/2022_2\/wp-json\/wp\/v2\/pages\/35\/revisions\/208"}],"wp:attachment":[{"href":"https:\/\/tesyarisma.org\/2022_2\/wp-json\/wp\/v2\/media?parent=35"}],"curies":[{"name":"wp","href":"https:\/\/api.w.org\/{rel}","templated":true}]}}

Yarışma Şartları

<h3>YARIŞMA ŞARTLARI</h3>
<p><!--[if !supportLists]--><span>·</span><span>Yarışma
<b>Üyeler</b> arasında düzenlenecektir. Yarışmaya
Türk Eğitim-Sen üyeleri ve emeklileri katılabilirler.<o:p></o:p></span></p><p><!--[if !supportLists]--><span>·</span><span>Yarışmaya
Seçici Kurul üyeleri ve birinci derece yakınları <b><u>katılamazlar.</u></b><o:p></o:p></span></p><p><!--[if !supportLists]--><span>·</span><span>Anılar
daha önce hiçbir yerde yayınlanmamış ve herhangi bir yarışmada dereceye
girmemiş ve ödül almamış olmalıdır.<o:p></o:p></span></p><p><!--[if !supportLists]--><span>·</span><span>Yarışmaya
<b><u>en fazla üç (3) anıyla</u></b>
katılmak mümkündür.<o:p></o:p></span></p><p><!--[if !supportLists]--><span>·</span><span>Yarışmaya eser gönderebilmek için </span><a href="http://www.tesyarisma.org/"><span>www.tesyarisma.org</span></a><span> adresinden kayıt olmak, kaydın cep telefonuna ya da elektronik posta
adresine gelecek kodun ilgili alana girilmesi ile onay verilerek doğrulanması
gereklidir.<span><o:p></o:p></span></span></p><p><!--[if !supportLists]--><span>·</span><span>Kişisel
verilerin korunması ile ilgili tüm tedbirler alınacak olup, yarışma süreci
bittikten sonra sisteme girilen bilgiler resen imha edilecektir.<o:p></o:p></span></p><p><!--[if !supportLists]--><span>·</span><span>Kayıt
olurken eser sahibi mutlaka kendisine bir rumuz belirlemelidir. <b><i><u>En
fazla 5 (beş) harf ve 3 (üç) rakamdan oluşan bir rumuz kullanılacaktır.</u><o:p></o:p></i></b></span></p><p><!--[if !supportLists]--><span>·</span><span>Yarışmaya
gönderilecek eserler; sağ, sol ve sayfa altında 2,5 cm sayfa üstünde de 3 cm
boşluk bırakılarak Word ortamında yazılmalıdır.<o:p></o:p></span></p><p><!--[if !supportLists]--><span>·</span><span>Yarışmaya
gönderilecek Anılar A4 sayfasında, <b><u>Arial
12 punto, 1,5 satır aralığı</u></b> ile bilgisayarda yazılacaktır ve <b><u>beş (5) sayfayı</u></b> geçmeyecektir. <o:p></o:p></span></p><p><!--[if !supportLists]--><span>·</span><span>Her
anıda mutlaka metinde anlatılan duygu ve düşünceye <b><u>uygun bir başlık</u></b> olmalıdır.<o:p></o:p></span></p><p><!--[if !supportLists]--><span>·</span><span>Yarışmaya
katılan kişiler, eserlerinin <u>–<b><i>kullanım hakkı kendilerinde olmak ve
kendilerinden izin almak şartıyla</i></b>&#8211;</u> Türk Eğitim-Sen tarafından yayın
organlarında yayınlanabileceğini, yapacağı çalışmalarda kullanabileceğini ve bu
şartname hükümlerini aynen kabul etmiş sayılırlar. </span><span>Bunun için yarışmaya eser
gönderilirken <b>yayın izin formunun
onaylanması </b>gerekmektedir. <span><o:p></o:p></span></span></p><p><!--[if !supportLists]--><span>·</span><span>Şartnamelerde
belirtilmeyen hususlarda ve tereddüt halinde Seçici Kurul kararları geçerlidir.<o:p></o:p></span></p><p><!--[if !supportLists]--><span>·</span><span>Yarışmaya
katılan eserlerden uygun görülenler ile dereceye giren metinler Türk Eğitim-Sen
tarafından kitap olarak bastırılacaktır. <o:p></o:p></span></p><p>

























</p><p><!--[if !supportLists]--><span>·</span><span>Yarışmaya
katılan eser sahipleri bu hükümleri peşinen kabul etmiş sayılmaktadır.<o:p></o:p></span></p>
<h3>YARIŞMAYA SON KATILIM SÜRESİ</h3>
Yarışmaya eser göndermek isteyen katılımcıların 15 Mayıs 2022 tarihi saat 24:00’e kadar eserlerini www.tesyarisma.org adresi üzerinden yüklemesi gerekmektedir. Yarışma süresi ile ilgili her değişiklik yapma yetkisi Türk Eğitim-Sen Genel Merkezi’ne aittir.
